hest common divisor of n and 36?
12
Let s = 22 + -20. Let d be 9/(s/((-24)/(-9))). Suppose -d = -o - 2*p, 3*o = 7*p - 2*p + 47. Calculate the greatest common factor of 42 and o.
14
Let r be (6/4)/((-9)/(-2) + -5). Let d be 143 - r/15*0. Calculate the highest common divisor of 13 and d.
13
Suppose -360 + 74 = -2*o. Let i be 2/(3 - (-17)/(-3))*-12. Let w be i - 2*(6 - 8). What is the highest common factor of w and o?
13
Suppose 5*x + 3*m = 1539 + 120, -1638 = -5*x + 4*m. What is the greatest common divisor of x and 66?
66
Let r be (-15)/((-55)/40 + 1). What is the greatest common divisor of r and 60?
20
Suppose -3*q + 2*s + 46 = 0, 56 = -q + 4*q - 4*s. Suppose 0 = 2*n + 4*m - 2, -n + 4 = -3*m - q. Let i = 79 + -44. What is the highest common divisor of i and n?
7
Let b = -44 - -73. Suppose 0 = 2*h + 25 - b. Calculate the highest common divisor of 2 and h.
2
Suppose 7*q + 10*q = 85. Calculate the highest common divisor of 215 and q.
5
Let b(q) = -q**3 - 28*q**2 + 58*q - 55. Let i be b(-30). What is the highest common divisor of i and 2?
1
Let w = 22 - 2. Suppose 0 = 2*m - m - w. What is the greatest common divisor of 40 and m?
20
Let q(p) = p**3 + 23*p**2 - 17*p - 41. Let t be q(-23). What is the highest common factor of 14 and t?
14
Let f(l) = 2*l**2 + 3*l - 1. Let j be (2/6)/((-1)/15). Let i be f(j). Let k(u) = 12*u + 13. Let a be k(6). Calculate the greatest common divisor of i and a.
17
Let f = 50 + -90. Let c be (f/30)/(2/(-36)). Calculate the greatest common factor of c and 60.
12
Let o be (-9)/(-5) - 1/(-5). Let l be ((-1)/2)/(1/(-18)). Let c be 9/o*462/l. What is the greatest common factor of c and 33?
33
Let q be (8/(-3) + 0)*(-3)/2. Suppose -2*u + u = -q. Suppose 0*i + 2*n = -i + 12, 3*i - 31 = -5*n. What is the greatest common factor of i and u?
2
Let k(c) = -c**3 - 4*c**2 - 10*c - 11. Let s be k(-5). Calculate the greatest common divisor of s and 192.
64
Let j = 88 - 89. Let a be 0 - (-8)/10*(-265)/j. Calculate the greatest common divisor of a and 53.
53
Let s be 81/15 - 2/5. Suppose 0*r - 72 = -s*r - 4*q, 4*q = -8. Let w be (-36 + 0)*(-4)/6. Calculate the highest common factor of w and r.
8
Let m(b) = 12*b**2 - b + 1. Let f be m(1). Suppose -6 = y + 2*y. Let z be ((-6)/f)/(y/180). What is the greatest common factor of z and 18?
9
Let m = 11 + 3. Let k = -4 - -14. Let p = 12 - k. What is the highest common divisor of m and p?
2
Suppose 5*g = -4*d - 73 + 502, -3*d + 308 = g. What is the greatest common factor of 2525 and d?
101
Let l be (48/(-14))/(62/(-1953)). Calculate the highest common factor of 81 and l.
27
Let k be 1759 - (-6)/(-9)*-6. Calculate the greatest common factor of 43 and k.
43
Suppose 4*u - 57 = -4*i + 623, -1 = -i. What is the greatest common factor of 65 and u?
13
Suppose -q + 181 + 129 = 0. Calculate the greatest common divisor of q and 62.
62
Suppose -12*q - 6*q + 882 = 0. Calculate the highest common factor of 35 and q.
7
Let i(x) = 3*x**2 - 8*x - 10. Let m = -1 - -8. Let l be i(m). Let z = l + 7. What is the highest common divisor of z and 8?
8
Let s = -330 + 342. Calculate the highest common divisor of 78 and s.
6
Let z be (3 + -4 + 2)*3. Let w = 1 + 3. Suppose -18 = -w*q + 2*q. What is the highest common factor of z and q?
3
Suppose 1825 + 6500 = 9*o. What is the highest common divisor of 5 and o?
5
Suppose 5*t - 61 = 709. Suppose 0 = y + 5*g - 27, -2*g - 2 - 4 = 0. Let s be (4 - (-56)/(-21))*y/4. Calculate the highest common factor of s and t.
14
Suppose 3*s - 32 - 4 = -o, 5*s - 3*o - 46 = 0. What is the greatest common factor of s and 209?
11
Let j = 90 - 86. Let c be (0 - 16)/(-5 - -3). What is the highest common divisor of j and c?
4
Suppose -2*n + h = -9, -2*n = 2*n + 3*h - 3. Suppose i = 5 - n. Suppose -4*y + 72 = -i*s, -s + 2*s - 21 = -y. What is the greatest common divisor of 209 and y?
19
Let u = -348 + 398. Calculate the highest common factor of u and 175.
25
Suppose 3*h = 235 + 50. Let f = -35 + h. Calculate the greatest common divisor of 12 and f.
12
Let i = -1068 + 1100. Calculate the greatest common divisor of 2048 and i.
32
Let y(c) = 6*c + 0*c - 51 + 67. Let r be y(6). What is the highest common factor of 13 and r?
13
Let l(p) = p**3 - 14*p**2 - 2*p + 12. Let q be l(14). Let b(r) = -5*r - 47. Let v be b(q). Calculate the highest common factor of v and 11.
11
Let r(g) = g**3 + 19*g**2 - 10*g - 73. Let j be r(-19). Calculate the highest common divisor of 26 and j.
13
Let j(h) = 63*h + 1. Let g be j(-1). Let t = g + 174. Let r(s) = 4*s - 10. Let v be r(6). What is the greatest common factor of t and v?
14
Suppose -3 = 3*a, -2 + 1 = 2*u - a. Let l be u/(-6) - (-51)/18. Suppose 2*g - 4 = l*k + 8, -3*k = 0. Calculate the greatest common divisor of 18 and g.
6
Suppose 10*f = -187 - 253. Let h = 58 + f. What is the greatest common factor of h and 182?
14
Let a(d) = 14*d**3 - d**2 + d. Let u be a(1). Let k = 33 - 31. Suppose -k*q + 672 = 4*q. Calculate the highest common factor of q and u.
14
Let u(k) = -22*k + 160. Let w be u(-3). Calculate the highest common divisor of 2 and w.
2
Suppose 0 = 2*x - 0*t + 4*t - 20, -5*t + 3 = -3*x. Let l be (-20)/(-16) + 2/(-8). Let y = 2 - l. Calculate the highest common factor of x and y.
1
Let y = -408 + 462. What is the highest common factor of 666 and y?
18
Let n(c) = -c**2 + 7*c + 13. Let g be n(8). Suppose 2*y - g = 3*y - 5*r, -3*y + 75 = 3*r. What is the greatest common divisor of 80 and y?
20
Let x be 231/21 - ((-5)/(-1))/(-1). What is the greatest common divisor of x and 112?
16
Suppose -127 = -d - 2*t, 3*t = -5*d - 23 + 644. Let o = d + -78. What is the highest common factor of 5 and o?
5
Let u(k) = 5*k + 144. Let o be u(-24). Suppose 4*p - 4*r = 5*p - 12, -5*p - 4*r + 60 = 0. What is the greatest common factor of p and o?
12
Let n be (-46)/(-2) - (0 - -1). Let f = -182 - -110. Let z = 74 + f. What is the greatest common divisor of z and n?
2
Let v(r) = 6*r**2 + 2*r. Let i = 54 + -56. Let k be v(i). What is the greatest common factor of 80 and k?
20
Suppose -5*x + 40 = -x. Let h be 2 + (-7)/(28/(-432)). Calculate the greatest common factor of x and h.
10
Suppose 0 = -2*a + 3*f + 68, 6*a - 5*f = 9*a - 140. Let p be ((-20)/(-6))/((-2)/(-36)). What is the highest common divisor of a and p?
20
Suppose -2*l = -r + 5*r + 120, 2*l = 4*r + 136. Let z = r + 8. Let i be (z/(-15))/(4/130). Calculate the highest common divisor of 13 and i.
13
Let b(p) = p - 2. Let w be b(3). Suppose -y = w - 5. Let z be -1 + (28/y - 2). Calculate the highest common divisor of z and 12.
4
Let m be (17/(-2) + 1)*-2. Let q(u) = -15*u. Suppose 4 = 7*i - 9*i. Let v be q(i). What is the greatest common divisor of v and m?
15
Suppose -2*x - 3*x + 110 = 0. Let z = -1 + x. Suppose 13*u - 1008 = 7*u. What is the highest common factor of u and z?
21
Suppose -j + 56 = -l, -3*l + 18 - 176 = -5*j. Let c = l - -74. What is the highest common factor of 13 and c?
13
Suppose -p + 688 = 5*h - 8*h, 2736 = 4*p - 4*h. Calculate the highest common divisor of 62 and p.
62
Let l = 11986 + -11967. Let i = -141 + 236. Calculate the highest common divisor of l and i.
19
Let c = -811 + 832. Calculate the highest common factor of c and 448.
7
Suppose 4*s - 9*c + 6*c = 192, -5*s + 240 = -2*c. What is the greatest common divisor of s and 64?
16
Suppose 0 = 3*i - 145 - 149. Suppose -7*d - 116 + 459 = 0. Let v = -35 + d. What is the greatest common factor of i and v?
14
Suppose -470 + 62 = -8*o. What is the highest common divisor of 17 and o?
17
Let d be 1/(-2) - (10 + 564/(-8)). Let c be (4/(-6))/((-2)/9). Suppose b - c*b = -24. Calculate the highest common factor of d and b.
12
Let q = 1776 - 1192. Let h = q + -332. What is the greatest common factor of h and 28?
28
Let f(p) = 97*p**2 - p + 1. Let x be f(1). Let h = x + -52. Calculate the highest common divisor of h and 360.
45
Suppose 5*q - 2*b - 18 = b, -5*q - 5*b = -10. Let i be q + (-1 - (9/(-3))/(-3)). Let t = -1 + 5. Calculate the highest common factor of t and i.
1
Let p(u) = 13*u**2 + 8*u + 42. Let a be p(-6). Calculate the greatest common factor of a and 56.
14
Let f = 116 - 76. What is the greatest common divisor of 1440 and f?
40
Let l = -26 - -66. Let u be 3/(9/13) - (-8)/12. Calculate the greatest common divisor of u and l.
5
Let a(z) = -2 + 2 - 7 - 7 